{"id":161,"date":"2024-03-26T13:06:16","date_gmt":"2024-03-26T16:06:16","guid":{"rendered":"https:\/\/qloja.quallitypsi.com.br\/?post_type=product&#038;p=161"},"modified":"2024-03-26T13:22:08","modified_gmt":"2024-03-26T16:22:08","slug":"divulgacao-de-vaga-de-emprego-vaga-destacada","status":"publish","type":"product","link":"https:\/\/qloja.quallitypsi.com.br\/index.php\/produto\/divulgacao-de-vaga-de-emprego-vaga-destacada\/","title":{"rendered":"Divulga\u00e7\u00e3o de Vaga de Emprego: Vaga Destacada"},"content":{"rendered":"<p>Ao cadastrar uma vaga de emprego em nossa plataforma, garantimos a m\u00e1xima visibilidade para sua oportunidade, seja ela destacada ou n\u00e3o. Aqui est\u00e3o os detalhes dos nossos servi\u00e7os de divulga\u00e7\u00e3o:<\/p>\n<p><strong>Vaga Destacada:<\/strong> Para quem deseja ampliar ainda mais o alcance e a visibilidade da vaga, oferecemos o servi\u00e7o de Vaga Destacada. Esse servi\u00e7o garante a publica\u00e7\u00e3o imediata da vaga em nosso site, al\u00e9m de uma divulga\u00e7\u00e3o estrat\u00e9gica em nossas redes sociais e na rede de parceiros, incluindo institui\u00e7\u00f5es de ensino superior, centros comunit\u00e1rios, sindicatos, conselhos profissionais, igrejas, entre outros. Adicionalmente, fornecemos suporte especializado na elabora\u00e7\u00e3o da descri\u00e7\u00e3o da vaga, assegurando que a oferta de emprego seja atrativa e clara, maximizando o interesse dos candidatos ideais.<\/p>\n","protected":false},"excerpt":{"rendered":"<p><strong>Vaga Destacada:<\/strong> Para quem deseja ampliar ainda mais o alcance e a visibilidade da vaga, oferecemos o servi\u00e7o de Vaga Destacada. Esse servi\u00e7o garante a publica\u00e7\u00e3o imediata da vaga em nosso site, al\u00e9m de uma divulga\u00e7\u00e3o estrat\u00e9gica em nossas redes sociais e na rede de parceiros, incluindo institui\u00e7\u00f5es de ensino superior, centros comunit\u00e1rios, sindicatos, conselhos profissionais, igrejas, entre outros. Adicionalmente, fornecemos suporte especializado na elabora\u00e7\u00e3o da descri\u00e7\u00e3o da vaga, assegurando que a oferta de emprego seja atrativa e clara, maximizando o interesse dos candidatos ideais.<\/p>\n","protected":false},"featured_media":162,"comment_status":"open","ping_status":"closed","template":"","meta":[],"product_cat":[38],"product_tag":[39],"class_list":{"0":"post-161","1":"product","2":"type-product","3":"status-publish","4":"has-post-thumbnail","6":"product_cat-qvagas","7":"product_tag-qvagas","9":"first","10":"instock","11":"virtual","12":"purchasable","13":"product-type-simple"},"_links":{"self":[{"href":"https:\/\/qloja.quallitypsi.com.br\/index.php\/wp-json\/wp\/v2\/product\/161","targetHints":{"allow":["GET"]}}],"collection":[{"href":"https:\/\/qloja.quallitypsi.com.br\/index.php\/wp-json\/wp\/v2\/product"}],"about":[{"href":"https:\/\/qloja.quallitypsi.com.br\/index.php\/wp-json\/wp\/v2\/types\/product"}],"replies":[{"embeddable":true,"href":"https:\/\/qloja.quallitypsi.com.br\/index.php\/wp-json\/wp\/v2\/comments?post=161"}],"wp:featuredmedia":[{"embeddable":true,"href":"https:\/\/qloja.quallitypsi.com.br\/index.php\/wp-json\/wp\/v2\/media\/162"}],"wp:attachment":[{"href":"https:\/\/qloja.quallitypsi.com.br\/index.php\/wp-json\/wp\/v2\/media?parent=161"}],"wp:term":[{"taxonomy":"product_cat","embeddable":true,"href":"https:\/\/qloja.quallitypsi.com.br\/index.php\/wp-json\/wp\/v2\/product_cat?post=161"},{"taxonomy":"product_tag","embeddable":true,"href":"https:\/\/qloja.quallitypsi.com.br\/index.php\/wp-json\/wp\/v2\/product_tag?post=161"}],"curies":[{"name":"wp","href":"https:\/\/api.w.org\/{rel}","templated":true}]}}